{"id":8438,"date":"2020-04-21T21:47:14","date_gmt":"2020-04-22T02:47:14","guid":{"rendered":"https:\/\/www.promacons.com\/index.php\/producto\/import-placeholder-for-250\/"},"modified":"2024-08-20T14:47:41","modified_gmt":"2024-08-20T19:47:41","slug":"varilla-microaleada-construccion","status":"publish","type":"product","link":"https:\/\/www.promacons.com\/index.php\/producto\/varilla-microaleada-construccion\/","title":{"rendered":"VARILLA MICROALEADA DE CONSTRUCCI\u00d3N"},"content":{"rendered":"<ul>\n<li>\n<h3><strong>Resistencia:<\/strong><\/h3>\n<\/li>\n<\/ul>\n<p>Gracias a su proceso de fabricaci\u00f3n de alta tecnolog\u00eda, con un control de calidad exhaustivo, la varilla Microaleada Novacero es perfecta para reforzar estructuras de hormig\u00f3n armado con dise\u00f1os sismoresistentes.<\/p>\n<ul>\n<li>\n<h3><strong>Soldabilidad:<\/strong><\/h3>\n<\/li>\n<\/ul>\n<p>El acero microaleado, obtenido en base a un control estricto de sus componentes qu\u00edmicos, posee una microestructura homog\u00e9nea y uniforme a lo largo de cada varilla, lo que facilita su proceso de soldadura (recuerda cumplir siempre lo indicado por la AWS D1.4).<\/p>\n<ul>\n<li>\n<h3><strong>Ductilidad: <\/strong><\/h3>\n<\/li>\n<\/ul>\n<p>La gran capacidad de deformaci\u00f3n del acero microaleado, permite figurarlo de acuerdo a lo estipulado en los dise\u00f1os estructurales de forma simple, segura y precisa.<\/p>\n<h3 style=\"text-align: center;\"><a href=\"https:\/\/www.promacons.com\/wp-content\/uploads\/2020\/04\/NOVACERO_FICHATECNICA5.pdf\" target=\"_blank\" rel=\"noopener\">DESCARGAR FICHA T\u00c9CNICA<\/a><\/h3>\n<p>&nbsp;<\/p>\n","protected":false},"excerpt":{"rendered":"<p>Es una varilla de acero de secci\u00f3n circular, con resaltes transversales que asegura una alta adherencia con el concreto; laminadas en caliente y termotratadas que garantizan mayor \ufb02exibilidad y seguridad que el acero com\u00fan. Puede ser soldable en caso de que la estructura as\u00ed la requiera, cumpliendo la norma AWS D1.4, seg\u00fan lo especi\ufb01cado en la NORMA ECUATORIANA DE CONSTRUCCI\u00d3N.<\/p>\n","protected":false},"featured_media":356,"template":"","meta":[],"product_brand":[],"product_cat":[88],"product_tag":[45,46,47,48,44],"class_list":{"0":"post-8438","1":"product","2":"type-product","3":"status-publish","4":"has-post-thumbnail","6":"product_cat-hierro","7":"product_tag-construccion","8":"product_tag-microaleada","9":"product_tag-novacero","10":"product_tag-sismoresistente","11":"product_tag-varilla","13":"first","14":"instock","15":"shipping-taxable","16":"purchasable","17":"product-type-variable"},"_links":{"self":[{"href":"https:\/\/www.promacons.com\/index.php\/wp-json\/wp\/v2\/product\/8438","targetHints":{"allow":["GET"]}}],"collection":[{"href":"https:\/\/www.promacons.com\/index.php\/wp-json\/wp\/v2\/product"}],"about":[{"href":"https:\/\/www.promacons.com\/index.php\/wp-json\/wp\/v2\/types\/product"}],"wp:featuredmedia":[{"embeddable":true,"href":"https:\/\/www.promacons.com\/index.php\/wp-json\/wp\/v2\/media\/356"}],"wp:attachment":[{"href":"https:\/\/www.promacons.com\/index.php\/wp-json\/wp\/v2\/media?parent=8438"}],"wp:term":[{"taxonomy":"product_brand","embeddable":true,"href":"https:\/\/www.promacons.com\/index.php\/wp-json\/wp\/v2\/product_brand?post=8438"},{"taxonomy":"product_cat","embeddable":true,"href":"https:\/\/www.promacons.com\/index.php\/wp-json\/wp\/v2\/product_cat?post=8438"},{"taxonomy":"product_tag","embeddable":true,"href":"https:\/\/www.promacons.com\/index.php\/wp-json\/wp\/v2\/product_tag?post=8438"}],"curies":[{"name":"wp","href":"https:\/\/api.w.org\/{rel}","templated":true}]}}