{"id":8436,"date":"2020-04-21T21:47:13","date_gmt":"2020-04-22T02:47:13","guid":{"rendered":"https:\/\/www.promacons.com\/index.php\/producto\/import-placeholder-for-248\/"},"modified":"2023-07-12T08:50:43","modified_gmt":"2023-07-12T13:50:43","slug":"cemento-selvalegre-50kg","status":"publish","type":"product","link":"https:\/\/www.promacons.com\/index.php\/producto\/cemento-selvalegre-50kg\/","title":{"rendered":"CEMENTO SELVALEGRE 50Kg"},"content":{"rendered":"<p><b>Caracter\u00edsticas<\/b><\/p>\n<ul>\n<li>Permite alcanzar las resistencias a la compresi\u00f3n requerida a todas las edades.<\/li>\n<li>En condiciones normales se pueden obtener resistencias a la compresi\u00f3n entre 35 y 50 MPa.<\/li>\n<li>Posee un progresivo crecimiento de las resistencias a\u00fan despu\u00e9s de los 28 d\u00edas de edad, puede alcanzar hasta un 20% m\u00e1s a los 90 d\u00edas.<\/li>\n<\/ul>\n<p><strong>Denominaci\u00f3n<\/strong><\/p>\n<ul>\n<li>Selvalegre es un cemento portland puzol\u00e1nico tipo IP, dise\u00f1ado para construcciones de hormig\u00f3n en general.<\/li>\n<li>Cumple con los requerimientos de la norma NTE INEN 490 (norma t\u00e9cnica ecuatoriana) y ASTM C595.<\/li>\n<li>Cuenta con certificado de conformidad con sello INEN.<\/li>\n<li>Posee licencia ambiental.<\/li>\n<\/ul>\n","protected":false},"excerpt":{"rendered":"<p><strong>Aplicaciones<\/strong><\/p>\n<p>Con este producto se pueden elaborar hormigones para la construcci\u00f3n de:<\/p>\n<ul>\n<li>Casas y edificios.<\/li>\n<li>Obras viales: puentes, viaductos, obras de arte, etc.<\/li>\n<li>Obras sanitarias e hidr\u00e1ulicas.<\/li>\n<li>Obras civiles en areas industriales.<\/li>\n<\/ul>\n","protected":false},"featured_media":449,"template":"","meta":[],"product_brand":[],"product_cat":[17],"product_tag":[],"class_list":{"0":"post-8436","1":"product","2":"type-product","3":"status-publish","4":"has-post-thumbnail","6":"product_cat-sin-categorizar","8":"first","9":"instock","10":"shipping-taxable","11":"product-type-simple"},"_links":{"self":[{"href":"https:\/\/www.promacons.com\/index.php\/wp-json\/wp\/v2\/product\/8436","targetHints":{"allow":["GET"]}}],"collection":[{"href":"https:\/\/www.promacons.com\/index.php\/wp-json\/wp\/v2\/product"}],"about":[{"href":"https:\/\/www.promacons.com\/index.php\/wp-json\/wp\/v2\/types\/product"}],"wp:featuredmedia":[{"embeddable":true,"href":"https:\/\/www.promacons.com\/index.php\/wp-json\/wp\/v2\/media\/449"}],"wp:attachment":[{"href":"https:\/\/www.promacons.com\/index.php\/wp-json\/wp\/v2\/media?parent=8436"}],"wp:term":[{"taxonomy":"product_brand","embeddable":true,"href":"https:\/\/www.promacons.com\/index.php\/wp-json\/wp\/v2\/product_brand?post=8436"},{"taxonomy":"product_cat","embeddable":true,"href":"https:\/\/www.promacons.com\/index.php\/wp-json\/wp\/v2\/product_cat?post=8436"},{"taxonomy":"product_tag","embeddable":true,"href":"https:\/\/www.promacons.com\/index.php\/wp-json\/wp\/v2\/product_tag?post=8436"}],"curies":[{"name":"wp","href":"https:\/\/api.w.org\/{rel}","templated":true}]}}